{"id":43,"date":"2015-06-12T21:27:52","date_gmt":"2015-06-12T19:27:52","guid":{"rendered":"http:\/\/bastelzeux.de\/?page_id=43"},"modified":"2017-02-28T13:44:27","modified_gmt":"2017-02-28T11:44:27","slug":"ueber-mich-2","status":"publish","type":"page","link":"http:\/\/bastelzeux.de\/?page_id=43","title":{"rendered":"\u00dcber mich!"},"content":{"rendered":"<p><a href=\"http:\/\/bastelzeux.de\/wp-content\/uploads\/2015\/06\/image.jpg\"><img decoding=\"async\" loading=\"lazy\" class=\"wp-image-523 size-medium alignright\" src=\"http:\/\/bastelzeux.de\/wp-content\/uploads\/2017\/02\/IMG_7798-e1488282219362-293x300.jpg\" width=\"293\" height=\"300\" srcset=\"http:\/\/bastelzeux.de\/wp-content\/uploads\/2017\/02\/IMG_7798-e1488282219362-293x300.jpg 293w, http:\/\/bastelzeux.de\/wp-content\/uploads\/2017\/02\/IMG_7798-e1488282219362-768x787.jpg 768w, http:\/\/bastelzeux.de\/wp-content\/uploads\/2017\/02\/IMG_7798-e1488282219362-1000x1024.jpg 1000w\" sizes=\"(max-width: 293px) 100vw, 293px\" \/><\/a>Ich erinnere mich noch als w\u00e4re es erst gestern gewesen&#8230;. eine Freundin lud mich zu einer Bastelparty ein. Mit der Einstellung &#8222;naja schau ich mir mal an&#8220; stiefelte ich los. Die Dinge nahmen ihren Lauf und schwups war&#8217;s um mich geschehen..<\/p>\n<p>Was dann folgte, waren wunderbare Momente mit Freunden und neuen Bekanntschaften, die die gleiche Leidenschaft teilten wie ich. Lange blieb ich Kundin und war Gast auf vielen Workshops und Bastelpartys. Die Ruhe und Kraft, die ich in diesen Momenten finde, sind f\u00fcr mich der Ausgleich zum Alltag. Das Kribbeln in den Fingern, wenn eine neue Idee geboren ist oder mal wieder ein Ereignis ansteht, sind besondere Momente. Dann gab es den Moment als mein kleiner Schatz auf die Welt kam und ich unz\u00e4\u00e4\u00e4\u00e4hhhhllllige Baby-Danksagungskarten gebastelt habe. Da war f\u00fcr mich klar, mein Hobby m\u00f6chte ich mit anderen teilen.<\/p>\n<p>Die Zeit f\u00fcr mein Hobby ist weniger geworden, denn mit Beruf und Familie bleibt nicht immer viel Zeit. Wann immer ich kann, zwacke ich Zeit ab und versinke in meiner eigenen Welt. Diese Welt m\u00f6chte ich k\u00fcnftig hier mit euch teilen. Wann immer es mir m\u00f6glich ist, werde ich meine Kreationen ver\u00f6ffentlichen und ich freue mich auf alle, die mich auf meinem Weg begleiten.<\/p>\n","protected":false},"excerpt":{"rendered":"<p>Ich erinnere mich noch als w\u00e4re es erst gestern gewesen&#8230;. eine Freundin lud mich zu einer Bastelparty&#8230;<\/p>\n","protected":false},"author":1,"featured_media":0,"parent":0,"menu_order":0,"comment_status":"open","ping_status":"open","template":"","meta":[],"_links":{"self":[{"href":"http:\/\/bastelzeux.de\/index.php?rest_route=\/wp\/v2\/pages\/43"}],"collection":[{"href":"http:\/\/bastelzeux.de\/index.php?rest_route=\/wp\/v2\/pages"}],"about":[{"href":"http:\/\/bastelzeux.de\/index.php?rest_route=\/wp\/v2\/types\/page"}],"author":[{"embeddable":true,"href":"http:\/\/bastelzeux.de\/index.php?rest_route=\/wp\/v2\/users\/1"}],"replies":[{"embeddable":true,"href":"http:\/\/bastelzeux.de\/index.php?rest_route=%2Fwp%2Fv2%2Fcomments&post=43"}],"version-history":[{"count":10,"href":"http:\/\/bastelzeux.de\/index.php?rest_route=\/wp\/v2\/pages\/43\/revisions"}],"predecessor-version":[{"id":524,"href":"http:\/\/bastelzeux.de\/index.php?rest_route=\/wp\/v2\/pages\/43\/revisions\/524"}],"wp:attachment":[{"href":"http:\/\/bastelzeux.de\/index.php?rest_route=%2Fwp%2Fv2%2Fmedia&parent=43"}],"curies":[{"name":"wp","href":"https:\/\/api.w.org\/{rel}","templated":true}]}}